me factors of j.
2, 5, 7
List the prime factors of (-3)/(-7) + (6 - 924/98) - -18125.
2, 13, 17, 41
Let h = -92 + 94. Suppose h*w - 4*m = 56, -4*m + 46 = 5*w - 24. What are the prime factors of w?
2, 3
Let s = -159 - -131. List the prime factors of (-3 + s)*(0 + 4/(-4)).
31
Suppose -5*z + 10 = 3*n - 20, -18 = -3*z - n. Suppose 2*q = 2 - z. What are the prime factors of (q*157)/(-3 + 5 - 4)?
157
Suppose 0*b = 8*b + 24. Let g(x) = 3*x + 13. Let w be g(b). Suppose w*k = 3*k + o + 9, -3*k - o + 23 = 0. List the prime factors of k.
2
Suppose s = 4*c + 851, -3*c + 2*c = 2*s - 1666. Let w = s - 440. List the prime factors of w.
5, 79
Suppose 0 = 265*v - 266*v - 4. Let l(q) = -11*q + 13. Let z(i) = 21*i - 27. Let t(u) = -5*l(u) - 3*z(u). List the prime factors of t(v).
2, 3
Let v = -614 - -616. What are the prime factors of v/(-16)*-8*841?
29
Let l = 110584 + -64534. List the prime factors of l.
2, 3, 5, 307
Let t = 60 - 60. Suppose 4*i + 4*v = -t*v + 1736, -4*v = 2*i - 858. What are the prime factors of i?
439
Let c(n) = -2*n**2 - 24*n - 18. Let h be c(-11). Suppose -h*g + 604 = 3*w + 2*w, 2*g = 5*w + 272. What are the prime factors of g?
2, 73
Let o(i) = i + 20. Let w be -20 - (-1 + 0)/(-3)*-9. Let q be o(w). Suppose x = -x - q*k + 294, -447 = -3*x - 3*k. What are the prime factors of x?
3, 17
Suppose 19*i - 782 = -4*i. Suppose i*q - 8560 = 23400. What are the prime factors of q?
2, 5, 47
Suppose -5*h = 16 + 9. Let o(s) = 53*s - 5. Let z be o(h). Let a = -188 - z. List the prime factors of a.
2, 41
Suppose v = 5*v - 20, -r + 4*v = 18. Suppose -2*a + 2 = 0, 3*c + r*a = 5*c - 34. Suppose 8*x - c = -2. What are the prime factors of x?
2
What are the prime factors of (98 + -101)/((-15)/228100)?
2, 5, 2281
Suppose -203*n + 30*n + 863270 = 0. What are the prime factors of n?
2, 5, 499
Let n be (60/18)/(3/(-81)). Let i be 1728/n - (-1)/5. Let c = i + 55. List the prime factors of c.
2, 3
Let p be (8/(-16))/((-2)/28). Let y(d) = d**3 - 23*d**2 - 25*d + 10. Let z be y(24). List the prime factors of (-1538)/z + 1/p.
2, 5, 11
Let f(t) be the third derivative of t**5/60 - 4*t**3/3 + 53*t**2. Let g = -11 - -20. List the prime factors of f(g).
73
Let h = -3 - -95. Let j = -75 + h. List the prime factors of j.
17
Suppose 0 = -2*k - 5*r + 11748, -6295 = -k + r - 407. What are the prime factors of k?
2, 1471
Suppose 0*h + 5*h = 3*a + 13, 2*h = 2*a + 2. Suppose 4*j - 2*s - 1912 = 0, -j + 5*j - 1888 = -a*s. Suppose 3*t + 4*t = j. List the prime factors of t.
2, 17
Suppose 0 = 7*y - 12*y + 4*k + 31246, 0 = 3*y - 2*k - 18746. List the prime factors of y.
2, 3, 347
Let m(q) = 13*q + 13. Suppose -2*h = -6, 2*v + 2 = -2*h + 32. List the prime factors of m(v).
13
Suppose -8*q = -2 - 38. Suppose 3*a - 75 = -5*d, 0 = -3*d + q*a + 4 + 7. What are the prime factors of d?
2, 3
Suppose 6*k = -12*k - 12*k + 91230. List the prime factors of k.
3041
Let t = -9 - -15. Let s be (5 - 188/(-8))*t. Suppose 0 = -f + 17 + s. List the prime factors of f.
2, 47
Let o(n) = n**3 - 5*n**2 + 2*n - 2. Let z(p) = -p**3 + 6*p**2 - p + 1. Let m(u) = 2*o(u) + 3*z(u). Suppose -77 + 93 = 4*k. What are the prime factors of m(k)?
67
Suppose -90*w - 2089412 = -389*w. What are the prime factors of w?
2, 1747
Let t(l) = 23*l - 11. Let o be t(5). Let k = o + -45. What are the prime factors of k?
59
Suppose 7*c = 9*c + 18. Let m(r) = r**3 + 12*r**2 + 23*r + 6. Let j be m(c). Suppose -5*w - j = -7*w. What are the prime factors of w?
3, 7
Suppose -4*n + 0*n + t + 10 = 0, -n - 3*t = 4. Suppose -4*q = -2*s + 104, -n*q - 4*s - 60 = -3*s. List the prime factors of 1/(-3)*(-42)/q*-110.
5, 11
Suppose -115*r - 49*r = 9*r - 1301652. List the prime factors of r.
2, 3, 11, 19
Let l = -95 + 98. Suppose l*p + 110 = -2*p. Let d = p + 100. List the prime factors of d.
2, 3, 13
Suppose -28*k + 603534 = 44*k - 21*k. What are the prime factors of k?
2, 61, 97
Suppose 0 = -2*i - 235 - 557. List the prime factors of -4 + i/(-102) - (-16528)/34.
2, 3
Suppose 2*g - 14 = 2. Let b(z) = -6*z**2 + 11*z + 9. Let t(s) = -7*s**2 + 13*s + 13. Let r(w) = -6*b(w) + 5*t(w). List the prime factors of r(g).
67
Let f(y) = 884*y - 421. Let c be f(9). Suppose -4*w + 5968 = -5*o - 55, -5*w + c = -5*o. List the prime factors of w.
2, 3, 7
Let m(p) = -p**2 - 16*p + 12. Let y be 0 - 0 - (4 + -6). Let o(j) = 6*j**2 + 79*j - 59. Let q(v) = y*o(v) + 11*m(v). List the prime factors of q(-8).
2, 3, 37
Let h = -683 - -1778. Let n = 1542 - h. What are the prime factors of n?
3, 149
Let n be (0 - 16/(-4))*(-54)/((-78)/13). Let t(f) = 21*f**2 - 2*f + 2. Let x be t(-3). Suppose 0 = o - n - x. What are the prime factors of o?
233
Let l(w) = -81*w**3 + 4*w**2 - 7*w + 12. Let s be l(4). What are the prime factors of (s/(-96))/((-2)/(-12))?
3, 107
Suppose -4*n + 18204 = -5*x, -5*x + 22800 = 68*n - 63*n. What are the prime factors of n?
2, 17, 67
Let k = 18754 - 3013. What are the prime factors of k?
3, 11, 53
Let j(o) = -93*o - 2795. Let p be j(-34). Suppose 171 + 22 = -n. Let g = p + n. List the prime factors of g.
2, 3, 29
Let g(z) = z**3 + 11*z**2 + 14*z - 1. Let d be g(-7). Suppose d*y = 93*y + 772. List the prime factors of y.
193
Let h(m) = m**2 + 4*m + 13. Let x be h(-5). Let y be (x/21)/(6/28). Suppose 4*s - y = 3*s. What are the prime factors of s?
2
Let j = -6705 - -6702. Let s(l) be the first derivative of -7*l**4/4 - 2*l**3/3 + 5*l**2/2 - 5*l + 1. List the prime factors of s(j).
151
Let j(z) = 126*z**2 - 8*z + 2. Let d be j(-3). Suppose 0 = -21*r + 17*r + d. List the prime factors of r.
2, 5, 29
Let q(w) = -w**3 - 5*w**2 - 10. Let a = 39 + -44. Let j be q(a). List the prime factors of (-1288)/j - 0 - 3/(-15).
3, 43
List the prime factors of 25052/5 - (33/45 + (-6)/18).
2, 3, 5, 167
Suppose -2*s + 12320 + 11047 = 5*z, -5*z + 23363 = 3*s. What are the prime factors of z?
5, 11, 17
Suppose -11*y = -2272 - 93. Suppose y = 11*p - 60. List the prime factors of p.
5
Let l = -18275 - -44230. What are the prime factors of l?
5, 29, 179
Let u be (72/(-40))/((-2)/10). Suppose -2258 = -u*w + 2800. List the prime factors of w.
2, 281
Suppose -5*w + 3578 = 2*d - 4*d, 3*d + 12 = 0. What are the prime factors of w?
2, 3, 7, 17
Let x(t) = 2*t**3 - 4*t**2 - 50*t - 89. What are the prime factors of x(14)?
3, 5, 29
Suppose l - 34 = -4*m - 2*l, -3*m + 3*l = -15. Suppose m*f - 67 - 213 = 0. Suppose 246 + f = 2*z. What are the prime factors of z?
11, 13
Let p = -10286 + 17285. What are the prime factors of p?
3, 2333
Let v(k) = -30*k - 58. Let c be v(-3). Suppose 1396 = 4*b - c. List the prime factors of b.
3, 7, 17
Let f = 20694 + -11472. What are the prime factors of f?
2, 3, 29, 53
Suppose 0 = 46*b - 52*b - 348. Let u = 48 + b. Let k = u + 83. What are the prime factors of k?
73
List the prime factors of ((-393768)/504)/((-4)/28).
3, 1823
Let c(p) = 6*p - 14. Let a(t) = -4*t + 9. Let w(b) = 8*a(b) + 5*c(b). Let y be w(-2). Suppose 30 = y*n - n. List the prime factors of n.
2, 3
Let t be -2*((-171)/(-6) - -2). Let j = 50 + -164. Let h = t - j. What are the prime factors of h?
53
Let v(x) = x - 10. Let z be v(4). Let c(p) = 8*p**2 - 3*p + 9. Let d be c(z). Suppose -2*b = -j + 101, 0*b = 3*j - 3*b - d. List the prime factors of j.
109
Let z(g) = -3*g**2 + 18*g + 13. Let m be z(9). Let a = -64 - m. Suppose -2*v + a*r + 378 = 0, -4*v = -4*r - 1143 + 379. List the prime factors of v.
193
List the prime factors of (55/(-33))/((-1)/6898*6/9).
5, 3449
What are the prime factors of (552/(-460))/(9/(-132045))?
2, 8803
Suppose -13*h + 29*h - 6880 = 0. Suppose -4*n + h = -t, -n + 5*t - 442 = -5*n. What are the prime factors of n?
2, 3
Let u(o) = 52*o**2 + 104*o + 322. List the prime factors of u(-4).
2, 3, 41
Let o = 69 + 190. Suppose m + 3*z - o = 0, 241 = m - 8*z + 5*z. What are the prime factors of m?
2, 5
Let f(w) = -3*w**2 + 5*w - 5. Let t be f(5). What are the prime factors of (-75 - -51)/(1 + t/52)?
2, 13
Let j be 2 + -6 - (5 - 1). Let k(a) = 5*a + 5. Let l be k(3). What are the prime factors of l/(-3)*36/j?
2, 3, 5
What are the prime factors of 50048/64 - -4*(2 - 1)?
2, 3, 131
Let x(c) = -77*c**2 + 43*c + 79. Let v(g) = g**2 + g + 1. Let b(r) = 2*v(r) - x(r). List the prime factors of b(-2).
3, 107
Suppose 40*n + 763872 = 111*n + 365*n. What are the prime factors of n?
2, 